{"id":425,"date":"2016-07-25T11:18:59","date_gmt":"2016-07-25T09:18:59","guid":{"rendered":"http:\/\/www.hh-development.eu\/cms\/?page_id=425"},"modified":"2023-01-13T11:09:29","modified_gmt":"2023-01-13T09:09:29","slug":"lademittelverwaltung","status":"publish","type":"page","link":"https:\/\/www.hh-development.eu\/cms\/produkte\/fleet-eye\/lademittelverwaltung\/","title":{"rendered":"Lademittel"},"content":{"rendered":"<p><\/p>\n<p style=\"text-align: justify;\">Fleet-Eye bindet mit dem Software Modul <strong>Lademittel<\/strong> <a href=\"https:\/\/www.hh-development.eu\/cms\/wp-content\/uploads\/2021\/10\/Lademittelbuchung.png\"><img decoding=\"async\" loading=\"lazy\" class=\" wp-image-1369 alignright\" src=\"https:\/\/www.hh-development.eu\/cms\/wp-content\/uploads\/2021\/10\/Lademittelbuchung.png\" alt=\"\" width=\"562\" height=\"331\" srcset=\"https:\/\/www.hh-development.eu\/cms\/wp-content\/uploads\/2021\/10\/Lademittelbuchung.png 1510w, https:\/\/www.hh-development.eu\/cms\/wp-content\/uploads\/2021\/10\/Lademittelbuchung-300x177.png 300w, https:\/\/www.hh-development.eu\/cms\/wp-content\/uploads\/2021\/10\/Lademittelbuchung-1024x604.png 1024w, https:\/\/www.hh-development.eu\/cms\/wp-content\/uploads\/2021\/10\/Lademittelbuchung-768x453.png 768w, https:\/\/www.hh-development.eu\/cms\/wp-content\/uploads\/2021\/10\/Lademittelbuchung-847x500.png 847w\" sizes=\"(max-width: 562px) 100vw, 562px\" \/><\/a>die Verwaltung und Abstimmung Ihrer Best\u00e4nde in das zentrale Prozessmanagement ein und\u00a0sorgt so f\u00fcr mehr Transparenz \u00fcber alle Lademittelbest\u00e4nde und erm\u00f6glicht deren effizienten sowie vorausschauenden Einsatz.\u00a0Durch das unpaarige Tauschen von Lademitteln bei der Be-und Entladung, sowie die R\u00fcckf\u00fchrung von Lademitteln ohne die \u00dcbernahme einer Ladung, entstehen sehr schnell gro\u00dfe Differenzen. Die\u00a0entsprechenden Kontensalden sind zu jeder Zeit abrufbar, Palettenbest\u00e4nde am Lager und vorhandene Verlustquellen sind sofort ersichtlich. Lademittelbuchungen werden unmittelbar aus den Daten der Sendungserfassung bereit gestellt.\u00a0F\u00fcr die erfolgreiche Transportabwicklung ist also auch ein professionelles Handling der Ladehilfsmittel unbedingt erforderlich.<\/p>\n<p>Leistungsmerkmale<\/p>\n<ul>\n<li><strong>Automatisches Buchen von Lademittelbewegungen<a href=\"https:\/\/www.hh-development.eu\/cms\/wp-content\/uploads\/2021\/10\/Lademittel.png\" target=\"_blank\" rel=\"noopener noreferrer\"><img decoding=\"async\" loading=\"lazy\" class=\"wp-image-1368 alignright\" title=\"Lademittel\" src=\"https:\/\/www.hh-development.eu\/cms\/wp-content\/uploads\/2021\/10\/Lademittel.png\" alt=\"\" width=\"266\" height=\"213\" srcset=\"https:\/\/www.hh-development.eu\/cms\/wp-content\/uploads\/2021\/10\/Lademittel.png 634w, https:\/\/www.hh-development.eu\/cms\/wp-content\/uploads\/2021\/10\/Lademittel-300x240.png 300w, https:\/\/www.hh-development.eu\/cms\/wp-content\/uploads\/2021\/10\/Lademittel-625x500.png 625w\" sizes=\"(max-width: 266px) 100vw, 266px\" \/><\/a><\/strong><\/li>\n<li><strong>Erfassung Lademitteltausch<\/strong><\/li>\n<li><strong>Manuelles Buchen von Lademittelbewegungen<\/strong><\/li>\n<li><strong>Kontenauskunft nach Kunde, Mitarbeiter, LKW, Auflieger<\/strong><\/li>\n<li><strong>Lademittelabstimmung<\/strong><\/li>\n<li><strong>Bewegungslisten<\/strong><\/li>\n<li><strong>Saldenlisten<\/strong><\/li>\n<\/ul>\n<p><\/p>","protected":false},"excerpt":{"rendered":"<p>Fleet-Eye bindet mit dem Software Modul Lademittel die Verwaltung und Abstimmung Ihrer Best\u00e4nde in das zentrale Prozessmanagement ein und\u00a0sorgt so f\u00fcr mehr Transparenz \u00fcber alle Lademittelbest\u00e4nde und erm\u00f6glicht deren effizienten <a href=\"https:\/\/www.hh-development.eu\/cms\/produkte\/fleet-eye\/lademittelverwaltung\/\" class=\"more-link\">[&hellip;]<\/a><\/p>\n","protected":false},"author":1,"featured_media":0,"parent":249,"menu_order":0,"comment_status":"closed","ping_status":"closed","template":"","meta":{"Layout":""},"yoast_head":"<!-- This site is optimized with the Yoast SEO plugin v19.14 - https:\/\/yoast.com\/wordpress\/plugins\/seo\/ -->\n<title>Lademittel - Ladehilfsmittel - Paletten Buchung Abstimmung und Tausch<\/title>\n<meta name=\"description\" content=\"Mit dem Modul Lademittel wird die Buchung und Abstimmung der Ladehilfsmittel transparent. Erfassung von Lademitteltausch ist unumg\u00e4nglich.\" \/>\n<meta name=\"robots\" content=\"index, follow, max-snippet:-1, max-image-preview:large, max-video-preview:-1\" \/>\n<link rel=\"canonical\" href=\"https:\/\/www.hh-development.eu\/cms\/produkte\/fleet-eye\/lademittelverwaltung\/\" \/>\n<meta property=\"og:locale\" content=\"de_DE\" \/>\n<meta property=\"og:type\" content=\"article\" \/>\n<meta property=\"og:title\" content=\"Lademittel - Ladehilfsmittel - Paletten Buchung Abstimmung und Tausch\" \/>\n<meta property=\"og:description\" content=\"Mit dem Modul Lademittel wird die Buchung und Abstimmung der Ladehilfsmittel transparent. Erfassung von Lademitteltausch ist unumg\u00e4nglich.\" \/>\n<meta property=\"og:url\" content=\"https:\/\/www.hh-development.eu\/cms\/produkte\/fleet-eye\/lademittelverwaltung\/\" \/>\n<meta property=\"article:publisher\" content=\"https:\/\/www.facebook.com\/HH-Development-Industrial-Software-Solutions-GmbH-106837180908857\/\" \/>\n<meta property=\"article:modified_time\" content=\"2023-01-13T09:09:29+00:00\" \/>\n<meta property=\"og:image\" content=\"https:\/\/www.hh-development.eu\/cms\/wp-content\/uploads\/2021\/10\/Lademittelbuchung.png\" \/>\n<meta name=\"twitter:card\" content=\"summary_large_image\" \/>\n<meta name=\"twitter:label1\" content=\"Gesch\u00e4tzte Lesezeit\" \/>\n\t<meta name=\"twitter:data1\" content=\"2\u00a0Minuten\" \/>\n<script type=\"application\/ld+json\" class=\"yoast-schema-graph\">{\"@context\":\"https:\/\/schema.org\",\"@graph\":[{\"@type\":\"WebPage\",\"@id\":\"https:\/\/www.hh-development.eu\/cms\/produkte\/fleet-eye\/lademittelverwaltung\/\",\"url\":\"https:\/\/www.hh-development.eu\/cms\/produkte\/fleet-eye\/lademittelverwaltung\/\",\"name\":\"Lademittel - Ladehilfsmittel - Paletten Buchung Abstimmung und Tausch\",\"isPartOf\":{\"@id\":\"https:\/\/www.hh-development.eu\/cms\/#website\"},\"datePublished\":\"2016-07-25T09:18:59+00:00\",\"dateModified\":\"2023-01-13T09:09:29+00:00\",\"description\":\"Mit dem Modul Lademittel wird die Buchung und Abstimmung der Ladehilfsmittel transparent. Erfassung von Lademitteltausch ist unumg\u00e4nglich.\",\"breadcrumb\":{\"@id\":\"https:\/\/www.hh-development.eu\/cms\/produkte\/fleet-eye\/lademittelverwaltung\/#breadcrumb\"},\"inLanguage\":\"de\",\"potentialAction\":[{\"@type\":\"ReadAction\",\"target\":[\"https:\/\/www.hh-development.eu\/cms\/produkte\/fleet-eye\/lademittelverwaltung\/\"]}]},{\"@type\":\"BreadcrumbList\",\"@id\":\"https:\/\/www.hh-development.eu\/cms\/produkte\/fleet-eye\/lademittelverwaltung\/#breadcrumb\",\"itemListElement\":[{\"@type\":\"ListItem\",\"position\":1,\"name\":\"Startseite\",\"item\":\"https:\/\/www.hh-development.eu\/cms\/\"},{\"@type\":\"ListItem\",\"position\":2,\"name\":\"Produkte\",\"item\":\"https:\/\/www.hh-development.eu\/cms\/produkte\/\"},{\"@type\":\"ListItem\",\"position\":3,\"name\":\"Fleet-Eye\",\"item\":\"https:\/\/www.hh-development.eu\/cms\/produkte\/fleet-eye\/\"},{\"@type\":\"ListItem\",\"position\":4,\"name\":\"Lademittel\"}]},{\"@type\":\"WebSite\",\"@id\":\"https:\/\/www.hh-development.eu\/cms\/#website\",\"url\":\"https:\/\/www.hh-development.eu\/cms\/\",\"name\":\"hh-development.eu\",\"description\":\"\",\"publisher\":{\"@id\":\"https:\/\/www.hh-development.eu\/cms\/#organization\"},\"potentialAction\":[{\"@type\":\"SearchAction\",\"target\":{\"@type\":\"EntryPoint\",\"urlTemplate\":\"https:\/\/www.hh-development.eu\/cms\/?s={search_term_string}\"},\"query-input\":\"required name=search_term_string\"}],\"inLanguage\":\"de\"},{\"@type\":\"Organization\",\"@id\":\"https:\/\/www.hh-development.eu\/cms\/#organization\",\"name\":\"H&H Development Industrial Software Solutions GmbH\",\"url\":\"https:\/\/www.hh-development.eu\/cms\/\",\"logo\":{\"@type\":\"ImageObject\",\"inLanguage\":\"de\",\"@id\":\"https:\/\/www.hh-development.eu\/cms\/#\/schema\/logo\/image\/\",\"url\":\"https:\/\/www.hh-development.eu\/cms\/wp-content\/uploads\/2016\/07\/Logo_neu2-1.png\",\"contentUrl\":\"https:\/\/www.hh-development.eu\/cms\/wp-content\/uploads\/2016\/07\/Logo_neu2-1.png\",\"width\":869,\"height\":256,\"caption\":\"H&H Development Industrial Software Solutions GmbH\"},\"image\":{\"@id\":\"https:\/\/www.hh-development.eu\/cms\/#\/schema\/logo\/image\/\"},\"sameAs\":[\"https:\/\/www.facebook.com\/HH-Development-Industrial-Software-Solutions-GmbH-106837180908857\/\"]}]}<\/script>\n<!-- \/ Yoast SEO plugin. -->","yoast_head_json":{"title":"Lademittel - Ladehilfsmittel - Paletten Buchung Abstimmung und Tausch","description":"Mit dem Modul Lademittel wird die Buchung und Abstimmung der Ladehilfsmittel transparent. Erfassung von Lademitteltausch ist unumg\u00e4nglich.","robots":{"index":"index","follow":"follow","max-snippet":"max-snippet:-1","max-image-preview":"max-image-preview:large","max-video-preview":"max-video-preview:-1"},"canonical":"https:\/\/www.hh-development.eu\/cms\/produkte\/fleet-eye\/lademittelverwaltung\/","og_locale":"de_DE","og_type":"article","og_title":"Lademittel - Ladehilfsmittel - Paletten Buchung Abstimmung und Tausch","og_description":"Mit dem Modul Lademittel wird die Buchung und Abstimmung der Ladehilfsmittel transparent. Erfassung von Lademitteltausch ist unumg\u00e4nglich.","og_url":"https:\/\/www.hh-development.eu\/cms\/produkte\/fleet-eye\/lademittelverwaltung\/","article_publisher":"https:\/\/www.facebook.com\/HH-Development-Industrial-Software-Solutions-GmbH-106837180908857\/","article_modified_time":"2023-01-13T09:09:29+00:00","og_image":[{"url":"https:\/\/www.hh-development.eu\/cms\/wp-content\/uploads\/2021\/10\/Lademittelbuchung.png"}],"twitter_card":"summary_large_image","twitter_misc":{"Gesch\u00e4tzte Lesezeit":"2\u00a0Minuten"},"schema":{"@context":"https:\/\/schema.org","@graph":[{"@type":"WebPage","@id":"https:\/\/www.hh-development.eu\/cms\/produkte\/fleet-eye\/lademittelverwaltung\/","url":"https:\/\/www.hh-development.eu\/cms\/produkte\/fleet-eye\/lademittelverwaltung\/","name":"Lademittel - Ladehilfsmittel - Paletten Buchung Abstimmung und Tausch","isPartOf":{"@id":"https:\/\/www.hh-development.eu\/cms\/#website"},"datePublished":"2016-07-25T09:18:59+00:00","dateModified":"2023-01-13T09:09:29+00:00","description":"Mit dem Modul Lademittel wird die Buchung und Abstimmung der Ladehilfsmittel transparent. Erfassung von Lademitteltausch ist unumg\u00e4nglich.","breadcrumb":{"@id":"https:\/\/www.hh-development.eu\/cms\/produkte\/fleet-eye\/lademittelverwaltung\/#breadcrumb"},"inLanguage":"de","potentialAction":[{"@type":"ReadAction","target":["https:\/\/www.hh-development.eu\/cms\/produkte\/fleet-eye\/lademittelverwaltung\/"]}]},{"@type":"BreadcrumbList","@id":"https:\/\/www.hh-development.eu\/cms\/produkte\/fleet-eye\/lademittelverwaltung\/#breadcrumb","itemListElement":[{"@type":"ListItem","position":1,"name":"Startseite","item":"https:\/\/www.hh-development.eu\/cms\/"},{"@type":"ListItem","position":2,"name":"Produkte","item":"https:\/\/www.hh-development.eu\/cms\/produkte\/"},{"@type":"ListItem","position":3,"name":"Fleet-Eye","item":"https:\/\/www.hh-development.eu\/cms\/produkte\/fleet-eye\/"},{"@type":"ListItem","position":4,"name":"Lademittel"}]},{"@type":"WebSite","@id":"https:\/\/www.hh-development.eu\/cms\/#website","url":"https:\/\/www.hh-development.eu\/cms\/","name":"hh-development.eu","description":"","publisher":{"@id":"https:\/\/www.hh-development.eu\/cms\/#organization"},"potentialAction":[{"@type":"SearchAction","target":{"@type":"EntryPoint","urlTemplate":"https:\/\/www.hh-development.eu\/cms\/?s={search_term_string}"},"query-input":"required name=search_term_string"}],"inLanguage":"de"},{"@type":"Organization","@id":"https:\/\/www.hh-development.eu\/cms\/#organization","name":"H&H Development Industrial Software Solutions GmbH","url":"https:\/\/www.hh-development.eu\/cms\/","logo":{"@type":"ImageObject","inLanguage":"de","@id":"https:\/\/www.hh-development.eu\/cms\/#\/schema\/logo\/image\/","url":"https:\/\/www.hh-development.eu\/cms\/wp-content\/uploads\/2016\/07\/Logo_neu2-1.png","contentUrl":"https:\/\/www.hh-development.eu\/cms\/wp-content\/uploads\/2016\/07\/Logo_neu2-1.png","width":869,"height":256,"caption":"H&H Development Industrial Software Solutions GmbH"},"image":{"@id":"https:\/\/www.hh-development.eu\/cms\/#\/schema\/logo\/image\/"},"sameAs":["https:\/\/www.facebook.com\/HH-Development-Industrial-Software-Solutions-GmbH-106837180908857\/"]}]}},"_links":{"self":[{"href":"https:\/\/www.hh-development.eu\/cms\/wp-json\/wp\/v2\/pages\/425"}],"collection":[{"href":"https:\/\/www.hh-development.eu\/cms\/wp-json\/wp\/v2\/pages"}],"about":[{"href":"https:\/\/www.hh-development.eu\/cms\/wp-json\/wp\/v2\/types\/page"}],"author":[{"embeddable":true,"href":"https:\/\/www.hh-development.eu\/cms\/wp-json\/wp\/v2\/users\/1"}],"replies":[{"embeddable":true,"href":"https:\/\/www.hh-development.eu\/cms\/wp-json\/wp\/v2\/comments?post=425"}],"version-history":[{"count":47,"href":"https:\/\/www.hh-development.eu\/cms\/wp-json\/wp\/v2\/pages\/425\/revisions"}],"predecessor-version":[{"id":1455,"href":"https:\/\/www.hh-development.eu\/cms\/wp-json\/wp\/v2\/pages\/425\/revisions\/1455"}],"up":[{"embeddable":true,"href":"https:\/\/www.hh-development.eu\/cms\/wp-json\/wp\/v2\/pages\/249"}],"wp:attachment":[{"href":"https:\/\/www.hh-development.eu\/cms\/wp-json\/wp\/v2\/media?parent=425"}],"curies":[{"name":"wp","href":"https:\/\/api.w.org\/{rel}","templated":true}]}}