{"id":858,"date":"2016-10-24T11:24:28","date_gmt":"2016-10-24T09:24:28","guid":{"rendered":"http:\/\/www.hh-development.eu\/cms\/?page_id=858"},"modified":"2016-11-03T11:46:30","modified_gmt":"2016-11-03T09:46:30","slug":"mindestlohngesetz","status":"publish","type":"page","link":"https:\/\/www.hh-development.eu\/cms\/unternehmen\/aktuelles\/mindestlohngesetz\/","title":{"rendered":"MiLoG (Mindestlohngesetz) Report"},"content":{"rendered":"<p><\/p>\n<div id=\"BJNR134810014BJNE000200000\" class=\"jnnorm\" title=\"Einzelnorm\">\n<div class=\"jnhtml\">\n<div class=\"jurAbsatz\" style=\"text-align: justify;\">H&amp;H Development Software\u00a0Solutions pr\u00e4sentiert ein neues Software-Modul &#8222;Report Mindestlohngesetz&#8220;.\u00a0Es handelt sich dabei um eine Erweiterung des Arbeitszeiten &amp; Spesen Moduls.\u00a0Die Software hilft\u00a0Spediteuren und Verladern den Verwaltungsaufwand im Zuge des Mindestlohngesetzes durch folgende Funktionen zu erleichtern:<a href=\"http:\/\/www.hh-development.eu\/cms\/wp-content\/uploads\/2016\/10\/Report-Mindestlohngesetz-Gesamt.png\" target=\"_blank\"><img decoding=\"async\" loading=\"lazy\" class=\"alignright wp-image-860\" title=\"MiLoG Report\" src=\"http:\/\/www.hh-development.eu\/cms\/wp-content\/uploads\/2016\/10\/Report-Mindestlohngesetz-Gesamt-300x173.png\" alt=\"report-mindestlohngesetz-gesamt\" width=\"401\" height=\"231\" srcset=\"https:\/\/www.hh-development.eu\/cms\/wp-content\/uploads\/2016\/10\/Report-Mindestlohngesetz-Gesamt-300x173.png 300w, https:\/\/www.hh-development.eu\/cms\/wp-content\/uploads\/2016\/10\/Report-Mindestlohngesetz-Gesamt-768x443.png 768w, https:\/\/www.hh-development.eu\/cms\/wp-content\/uploads\/2016\/10\/Report-Mindestlohngesetz-Gesamt-1024x591.png 1024w, https:\/\/www.hh-development.eu\/cms\/wp-content\/uploads\/2016\/10\/Report-Mindestlohngesetz-Gesamt-867x500.png 867w, https:\/\/www.hh-development.eu\/cms\/wp-content\/uploads\/2016\/10\/Report-Mindestlohngesetz-Gesamt.png 1387w\" sizes=\"(max-width: 401px) 100vw, 401px\" \/><\/a><\/div>\n<div class=\"jurAbsatz\" style=\"text-align: justify;\">\n<ul>\n<li class=\"jurAbsatz\">MiLoG Berechnung pro Fahrer pro Land<\/li>\n<li>Stundens\u00e4tze, MiLoG Stundens\u00e4tze pro Land, Differenzberechnung<\/li>\n<li class=\"jurAbsatz\">Sammelexport der Dateien in Excel und PDF<\/li>\n<\/ul>\n<\/div>\n<div class=\"jurAbsatz\" style=\"text-align: justify;\">Eine Selektion nach Zeitraum, Dauer (=Summe aus den Tachoaktivit\u00e4ten) und Fahrer ist m\u00f6glich. Aus\u00a0einer\u00a0Gesamtsummen\u00fcbersicht\u00a0kann vorerst\u00a0eine MiLoG Berechnung f\u00fcr die MiLoG durchf\u00fchrenden\u00a0L\u00e4nder Deutschland und Frankreich erstellt\u00a0werden. Erweiterungen des Moduls z. B. durch L\u00e4nder, in denen das MiLoG nachtr\u00e4glich zur Anwendung kommt, ist m\u00f6glich.<\/div>\n<div class=\"jurAbsatz\" style=\"text-align: justify;\"><\/div>\n<div class=\"jurAbsatz\" style=\"text-align: justify;\">\u00a0<a href=\"http:\/\/www.hh-development.eu\/cms\/wp-content\/uploads\/2016\/10\/MiLoG-DE.png\" target=\"_blank\"><img decoding=\"async\" loading=\"lazy\" class=\"alignright wp-image-861\" title=\"MiLoG Deutschland\" src=\"http:\/\/www.hh-development.eu\/cms\/wp-content\/uploads\/2016\/10\/MiLoG-DE-300x141.png\" alt=\"MiLoG Deutschland\" width=\"402\" height=\"189\" srcset=\"https:\/\/www.hh-development.eu\/cms\/wp-content\/uploads\/2016\/10\/MiLoG-DE-300x141.png 300w, https:\/\/www.hh-development.eu\/cms\/wp-content\/uploads\/2016\/10\/MiLoG-DE-768x360.png 768w, https:\/\/www.hh-development.eu\/cms\/wp-content\/uploads\/2016\/10\/MiLoG-DE.png 929w\" sizes=\"(max-width: 402px) 100vw, 402px\" \/><\/a><\/div>\n<div class=\"jurAbsatz\" style=\"text-align: justify;\">\n<p>Grundstein f\u00fcr das neue MiLoG Modul legte das bereits am 1.1.2015 in Kraft getretene\u00a0deutsche Mindestlohngesetz, mit welchem ein allgemeiner gesetzlicher Mindestlohn brutto je Zeitstunde als generelle Lohnuntergrenze eingef\u00fchrt wird. Der Mindestlohn gilt f\u00fcr alle Arbeitnehmer\/innen, die in Deutschland besch\u00e4ftigt\/eingesetzt werden. Die Pflicht zur Bezahlung des ML trifft auch alle ausl\u00e4ndischen Arbeitgeber, die im Rahmen von grenz\u00fcberschreitenden Dienstleistungen Arbeitnehmer\/innen in Deutschland einsetzen, und zwar unabh\u00e4ngig von der Dauer der Dienstleistung. Betroffen sind alle kurzfristigen Dienstleistungen in Deutschland (z. B. Be- und Entladungen in der G\u00fcterbef\u00f6rderung, Personenbef\u00f6rderungen von und nach Deutschland im Stra\u00dfen\/Schienen\/Schiffs\/Luftverkehr), ausgenommen davon sind reine Transitfahrten. Begleitend gelten umfassende Melde-, Aufzeichnungs-und Bereithaltungspflichten, deren Einhaltung mit hohen Bu\u00dfgeldvorschriften sanktioniert ist.<\/p>\n<p>&nbsp;<\/p>\n<p>Weitere Informationen finden Sie unter:<\/p>\n<p><a href=\"https:\/\/de.wikipedia.org\/wiki\/Mindestlohngesetz_(Deutschland)\" target=\"_blank\">Deutsches Mindestlohngesetz wikipedia<\/a><\/p>\n<p><a href=\"https:\/\/www.wko.at\/Content.Node\/branchen\/oe\/TransportVerkehr\/Deutsches-Mindestlohngesetz-(MiLoG)---Wesentliche-Inhalte-f.html\" target=\"_blank\">Deutsches Mindestlohngesetz WKO<\/a><\/p>\n<p>&nbsp;<\/p>\n<\/div>\n<\/div>\n<\/div>\n<p><\/p>","protected":false},"excerpt":{"rendered":"<p>H&amp;H Development Software\u00a0Solutions pr\u00e4sentiert ein neues Software-Modul &#8222;Report Mindestlohngesetz&#8220;.\u00a0Es handelt sich dabei um eine Erweiterung des Arbeitszeiten &amp; Spesen Moduls.\u00a0Die Software hilft\u00a0Spediteuren und Verladern den Verwaltungsaufwand im Zuge des Mindestlohngesetzes <a href=\"https:\/\/www.hh-development.eu\/cms\/unternehmen\/aktuelles\/mindestlohngesetz\/\" class=\"more-link\">[&hellip;]<\/a><\/p>\n","protected":false},"author":1,"featured_media":0,"parent":143,"menu_order":0,"comment_status":"closed","ping_status":"closed","template":"","meta":{"Layout":""},"yoast_head":"<!-- This site is optimized with the Yoast SEO plugin v19.14 - https:\/\/yoast.com\/wordpress\/plugins\/seo\/ -->\n<title>Software Mindestlohngesetz - MiLoG - Transport und Verkehr - LKW Fahrer<\/title>\n<meta name=\"robots\" content=\"index, follow, max-snippet:-1, max-image-preview:large, max-video-preview:-1\" \/>\n<link rel=\"canonical\" href=\"https:\/\/www.hh-development.eu\/cms\/unternehmen\/aktuelles\/mindestlohngesetz\/\" \/>\n<meta property=\"og:locale\" content=\"de_DE\" \/>\n<meta property=\"og:type\" content=\"article\" \/>\n<meta property=\"og:title\" content=\"Software Mindestlohngesetz - MiLoG - Transport und Verkehr - LKW Fahrer\" \/>\n<meta property=\"og:description\" content=\"H&amp;H Development Software\u00a0Solutions pr\u00e4sentiert ein neues Software-Modul &#8222;Report Mindestlohngesetz&#8220;.\u00a0Es handelt sich dabei um eine Erweiterung des Arbeitszeiten &amp; Spesen Moduls.\u00a0Die Software hilft\u00a0Spediteuren und Verladern den Verwaltungsaufwand im Zuge des Mindestlohngesetzes [&hellip;]\" \/>\n<meta property=\"og:url\" content=\"https:\/\/www.hh-development.eu\/cms\/unternehmen\/aktuelles\/mindestlohngesetz\/\" \/>\n<meta property=\"article:publisher\" content=\"https:\/\/www.facebook.com\/HH-Development-Industrial-Software-Solutions-GmbH-106837180908857\/\" \/>\n<meta property=\"article:modified_time\" content=\"2016-11-03T09:46:30+00:00\" \/>\n<meta property=\"og:image\" content=\"http:\/\/www.hh-development.eu\/cms\/wp-content\/uploads\/2016\/10\/Report-Mindestlohngesetz-Gesamt-300x173.png\" \/>\n<meta name=\"twitter:card\" content=\"summary_large_image\" \/>\n<meta name=\"twitter:label1\" content=\"Gesch\u00e4tzte Lesezeit\" \/>\n\t<meta name=\"twitter:data1\" content=\"3\u00a0Minuten\" \/>\n<script type=\"application\/ld+json\" class=\"yoast-schema-graph\">{\"@context\":\"https:\/\/schema.org\",\"@graph\":[{\"@type\":\"WebPage\",\"@id\":\"https:\/\/www.hh-development.eu\/cms\/unternehmen\/aktuelles\/mindestlohngesetz\/\",\"url\":\"https:\/\/www.hh-development.eu\/cms\/unternehmen\/aktuelles\/mindestlohngesetz\/\",\"name\":\"Software Mindestlohngesetz - MiLoG - Transport und Verkehr - LKW Fahrer\",\"isPartOf\":{\"@id\":\"https:\/\/www.hh-development.eu\/cms\/#website\"},\"datePublished\":\"2016-10-24T09:24:28+00:00\",\"dateModified\":\"2016-11-03T09:46:30+00:00\",\"breadcrumb\":{\"@id\":\"https:\/\/www.hh-development.eu\/cms\/unternehmen\/aktuelles\/mindestlohngesetz\/#breadcrumb\"},\"inLanguage\":\"de\",\"potentialAction\":[{\"@type\":\"ReadAction\",\"target\":[\"https:\/\/www.hh-development.eu\/cms\/unternehmen\/aktuelles\/mindestlohngesetz\/\"]}]},{\"@type\":\"BreadcrumbList\",\"@id\":\"https:\/\/www.hh-development.eu\/cms\/unternehmen\/aktuelles\/mindestlohngesetz\/#breadcrumb\",\"itemListElement\":[{\"@type\":\"ListItem\",\"position\":1,\"name\":\"Startseite\",\"item\":\"https:\/\/www.hh-development.eu\/cms\/\"},{\"@type\":\"ListItem\",\"position\":2,\"name\":\"Unternehmen\",\"item\":\"https:\/\/www.hh-development.eu\/cms\/\"},{\"@type\":\"ListItem\",\"position\":3,\"name\":\"Aktuelles\",\"item\":\"https:\/\/www.hh-development.eu\/cms\/unternehmen\/aktuelles\/\"},{\"@type\":\"ListItem\",\"position\":4,\"name\":\"MiLoG (Mindestlohngesetz) Report\"}]},{\"@type\":\"WebSite\",\"@id\":\"https:\/\/www.hh-development.eu\/cms\/#website\",\"url\":\"https:\/\/www.hh-development.eu\/cms\/\",\"name\":\"hh-development.eu\",\"description\":\"\",\"publisher\":{\"@id\":\"https:\/\/www.hh-development.eu\/cms\/#organization\"},\"potentialAction\":[{\"@type\":\"SearchAction\",\"target\":{\"@type\":\"EntryPoint\",\"urlTemplate\":\"https:\/\/www.hh-development.eu\/cms\/?s={search_term_string}\"},\"query-input\":\"required name=search_term_string\"}],\"inLanguage\":\"de\"},{\"@type\":\"Organization\",\"@id\":\"https:\/\/www.hh-development.eu\/cms\/#organization\",\"name\":\"H&H Development Industrial Software Solutions GmbH\",\"url\":\"https:\/\/www.hh-development.eu\/cms\/\",\"logo\":{\"@type\":\"ImageObject\",\"inLanguage\":\"de\",\"@id\":\"https:\/\/www.hh-development.eu\/cms\/#\/schema\/logo\/image\/\",\"url\":\"https:\/\/www.hh-development.eu\/cms\/wp-content\/uploads\/2016\/07\/Logo_neu2-1.png\",\"contentUrl\":\"https:\/\/www.hh-development.eu\/cms\/wp-content\/uploads\/2016\/07\/Logo_neu2-1.png\",\"width\":869,\"height\":256,\"caption\":\"H&H Development Industrial Software Solutions GmbH\"},\"image\":{\"@id\":\"https:\/\/www.hh-development.eu\/cms\/#\/schema\/logo\/image\/\"},\"sameAs\":[\"https:\/\/www.facebook.com\/HH-Development-Industrial-Software-Solutions-GmbH-106837180908857\/\"]}]}<\/script>\n<!-- \/ Yoast SEO plugin. -->","yoast_head_json":{"title":"Software Mindestlohngesetz - MiLoG - Transport und Verkehr - LKW Fahrer","robots":{"index":"index","follow":"follow","max-snippet":"max-snippet:-1","max-image-preview":"max-image-preview:large","max-video-preview":"max-video-preview:-1"},"canonical":"https:\/\/www.hh-development.eu\/cms\/unternehmen\/aktuelles\/mindestlohngesetz\/","og_locale":"de_DE","og_type":"article","og_title":"Software Mindestlohngesetz - MiLoG - Transport und Verkehr - LKW Fahrer","og_description":"H&amp;H Development Software\u00a0Solutions pr\u00e4sentiert ein neues Software-Modul &#8222;Report Mindestlohngesetz&#8220;.\u00a0Es handelt sich dabei um eine Erweiterung des Arbeitszeiten &amp; Spesen Moduls.\u00a0Die Software hilft\u00a0Spediteuren und Verladern den Verwaltungsaufwand im Zuge des Mindestlohngesetzes [&hellip;]","og_url":"https:\/\/www.hh-development.eu\/cms\/unternehmen\/aktuelles\/mindestlohngesetz\/","article_publisher":"https:\/\/www.facebook.com\/HH-Development-Industrial-Software-Solutions-GmbH-106837180908857\/","article_modified_time":"2016-11-03T09:46:30+00:00","og_image":[{"url":"http:\/\/www.hh-development.eu\/cms\/wp-content\/uploads\/2016\/10\/Report-Mindestlohngesetz-Gesamt-300x173.png"}],"twitter_card":"summary_large_image","twitter_misc":{"Gesch\u00e4tzte Lesezeit":"3\u00a0Minuten"},"schema":{"@context":"https:\/\/schema.org","@graph":[{"@type":"WebPage","@id":"https:\/\/www.hh-development.eu\/cms\/unternehmen\/aktuelles\/mindestlohngesetz\/","url":"https:\/\/www.hh-development.eu\/cms\/unternehmen\/aktuelles\/mindestlohngesetz\/","name":"Software Mindestlohngesetz - MiLoG - Transport und Verkehr - LKW Fahrer","isPartOf":{"@id":"https:\/\/www.hh-development.eu\/cms\/#website"},"datePublished":"2016-10-24T09:24:28+00:00","dateModified":"2016-11-03T09:46:30+00:00","breadcrumb":{"@id":"https:\/\/www.hh-development.eu\/cms\/unternehmen\/aktuelles\/mindestlohngesetz\/#breadcrumb"},"inLanguage":"de","potentialAction":[{"@type":"ReadAction","target":["https:\/\/www.hh-development.eu\/cms\/unternehmen\/aktuelles\/mindestlohngesetz\/"]}]},{"@type":"BreadcrumbList","@id":"https:\/\/www.hh-development.eu\/cms\/unternehmen\/aktuelles\/mindestlohngesetz\/#breadcrumb","itemListElement":[{"@type":"ListItem","position":1,"name":"Startseite","item":"https:\/\/www.hh-development.eu\/cms\/"},{"@type":"ListItem","position":2,"name":"Unternehmen","item":"https:\/\/www.hh-development.eu\/cms\/"},{"@type":"ListItem","position":3,"name":"Aktuelles","item":"https:\/\/www.hh-development.eu\/cms\/unternehmen\/aktuelles\/"},{"@type":"ListItem","position":4,"name":"MiLoG (Mindestlohngesetz) Report"}]},{"@type":"WebSite","@id":"https:\/\/www.hh-development.eu\/cms\/#website","url":"https:\/\/www.hh-development.eu\/cms\/","name":"hh-development.eu","description":"","publisher":{"@id":"https:\/\/www.hh-development.eu\/cms\/#organization"},"potentialAction":[{"@type":"SearchAction","target":{"@type":"EntryPoint","urlTemplate":"https:\/\/www.hh-development.eu\/cms\/?s={search_term_string}"},"query-input":"required name=search_term_string"}],"inLanguage":"de"},{"@type":"Organization","@id":"https:\/\/www.hh-development.eu\/cms\/#organization","name":"H&H Development Industrial Software Solutions GmbH","url":"https:\/\/www.hh-development.eu\/cms\/","logo":{"@type":"ImageObject","inLanguage":"de","@id":"https:\/\/www.hh-development.eu\/cms\/#\/schema\/logo\/image\/","url":"https:\/\/www.hh-development.eu\/cms\/wp-content\/uploads\/2016\/07\/Logo_neu2-1.png","contentUrl":"https:\/\/www.hh-development.eu\/cms\/wp-content\/uploads\/2016\/07\/Logo_neu2-1.png","width":869,"height":256,"caption":"H&H Development Industrial Software Solutions GmbH"},"image":{"@id":"https:\/\/www.hh-development.eu\/cms\/#\/schema\/logo\/image\/"},"sameAs":["https:\/\/www.facebook.com\/HH-Development-Industrial-Software-Solutions-GmbH-106837180908857\/"]}]}},"_links":{"self":[{"href":"https:\/\/www.hh-development.eu\/cms\/wp-json\/wp\/v2\/pages\/858"}],"collection":[{"href":"https:\/\/www.hh-development.eu\/cms\/wp-json\/wp\/v2\/pages"}],"about":[{"href":"https:\/\/www.hh-development.eu\/cms\/wp-json\/wp\/v2\/types\/page"}],"author":[{"embeddable":true,"href":"https:\/\/www.hh-development.eu\/cms\/wp-json\/wp\/v2\/users\/1"}],"replies":[{"embeddable":true,"href":"https:\/\/www.hh-development.eu\/cms\/wp-json\/wp\/v2\/comments?post=858"}],"version-history":[{"count":17,"href":"https:\/\/www.hh-development.eu\/cms\/wp-json\/wp\/v2\/pages\/858\/revisions"}],"predecessor-version":[{"id":909,"href":"https:\/\/www.hh-development.eu\/cms\/wp-json\/wp\/v2\/pages\/858\/revisions\/909"}],"up":[{"embeddable":true,"href":"https:\/\/www.hh-development.eu\/cms\/wp-json\/wp\/v2\/pages\/143"}],"wp:attachment":[{"href":"https:\/\/www.hh-development.eu\/cms\/wp-json\/wp\/v2\/media?parent=858"}],"curies":[{"name":"wp","href":"https:\/\/api.w.org\/{rel}","templated":true}]}}